hat is the tens digit of y(-15)?
8
Suppose -j + 55 = -650. Let o = j - 443. Suppose c - 5*c - a = -346, 3*c = -2*a + o. What is the units digit of c?
6
Suppose 4*c + 3*m + 421 = 0, 108 = -4*c + 4*m - 348. Suppose 1988*a = 1984*a + 780. Let w = a + c. What is the tens digit of w?
8
Suppose -5*s - 10263 = -4*u + 13851, 30075 = 5*u + 5*s. What is the tens digit of u?
2
Let j(f) = 8*f - 64. Let p be j(8). Suppose p = -y + 10 - 6. Suppose -4*m = 2*v - 246, 3*m = 5*v - y*v + 192. What is the units digit of m?
3
Suppose 5*l - 28 = -2*c, -5*l + 4 = -2*c - 2*c. Suppose s = -l*s - 205. Let y = 52 + s. What is the tens digit of y?
1
Let l(s) be the first derivative of -71*s**2/2 - 84*s + 119. What is the units digit of l(-11)?
7
Let y = 20 + 364. Suppose 2*s = -p + y, -4*s + 0*p = 3*p - 770. What is the hundreds digit of s?
1
Let s be (5/10)/(1*4/(-3304)). Let h = s + 713. What is the tens digit of h?
0
Let w(j) = -j**2 + 8*j + 40. Suppose -205 = -3*k - 0*k - q, -2*k - 5*q + 141 = 0. Let s = k - 60. What is the tens digit of w(s)?
4
Let m be (-11 + (-3 - -9))/(-2 - -1). Suppose 0 = -3*x + 15, m*v - 6*v + 2*x = -399. What is the hundreds digit of v?
4
What is the units digit of 5548 + (62 - 56)*1/2*2?
4
Suppose 4*p + 76084 = 123*j - 121*j, 4*j + 4*p = 152180. What is the units digit of j?
4
Suppose 17*n = -6 - 198. Let m(w) be the first derivative of w**3/3 + 11*w**2/2 + 9*w - 2. What is the tens digit of m(n)?
2
Let u = -3078 + 5533. Suppose 2*c + 979 = 4*c + 3*x, -5*c + u = 5*x. What is the hundreds digit of c?
4
Let x(b) = -969*b - 2111. What is the thousands digit of x(-6)?
3
Let z(y) = -298*y + 3. Let h be z(2). Suppose v + 3*r = -841, 2*r - 115 = 2*v + 1575. Let n = h - v. What is the hundreds digit of n?
2
Let d(c) = 14*c**2 - 4*c + 107. Let y be d(8). Suppose y + 532 = 3*o. What is the units digit of o?
1
Let l(f) = f**3 - 11*f**2 - 6*f. Let j be l(18). Suppose -6*h = 2*h - j. What is the units digit of h?
0
Let b(w) = -936*w - 5810. What is the hundreds digit of b(-32)?
1
Let q(v) = v**3 - 5*v**2 - 3*v + 17. Let b be q(5). Suppose -4*h = 4*u - 724, 2*u + b*u + 2*h - 716 = 0. What is the hundreds digit of u?
1
Let t(u) be the first derivative of -4*u - 5/4*u**4 + 1/3*u**3 + 33 + 1/2*u**2. What is the hundreds digit of t(-3)?
1
Suppose -3*x + 3*k = 21, -5*x - 15 = -k + 6*k. Let y(h) = -23*h - 114. What is the units digit of y(x)?
1
Let f = -80 + 82. Let s be ((f - -7) + -4)*(2 - -1). Suppose 4*g = z - 4*z + 129, -5*g - s = 0. What is the tens digit of z?
4
Let l be (-5)/(-15) - 1 - (-35)/3. Suppose 0 = -3*i + 5*q - l, -6*q + 31 = 5*i - 2*q. Suppose 242 = i*x - 517. What is the tens digit of x?
5
Let g = -21372 - -41614. What is the tens digit of g?
4
Let n = -50 + 53. Suppose n*k = 3, -3 = -5*d - 5*k + 2*k. Suppose d = -3*q - 4*t + 494, 4*q + 3*t = -178 + 825. What is the tens digit of q?
5
Let f be 1015/210 + 2/12. Suppose 0 = -5*h + 4*l + 1261, -2*h - f*l = -10*l - 518. What is the tens digit of h?
4
Let v = 5909 - 2016. What is the hundreds digit of v?
8
Let n = -497 - -1361. Suppose -s - n = -5*s. Suppose -3*b + s = -135. What is the units digit of b?
7
Let z(m) = -205*m + 7. Let u be ((-2)/3)/(-6 - 168/(-27)). What is the tens digit of z(u)?
2
Suppose 0*v + 20 = -4*v, 2*v + 19 = 3*w. Suppose m = w*m + 2. What is the tens digit of 76 - (2 - 2 - m)?
7
Let u(n) = 39*n + 8. Let i be u(21). Suppose 4*p = 4*v + 3260, -p + 6*v + i = 8*v. What is the units digit of p?
9
Let j(o) be the second derivative of 5*o**3/2 + 7*o**2/2 - 16*o. Suppose 3*f + 83 = 5*i, -13*i = -14*i - 5*f + 39. What is the tens digit of j(i)?
9
Let t = -15 + 24. Suppose t*r + w = 8*r + 656, 2*w - 2614 = -4*r. What is the tens digit of r?
5
Let m(t) be the first derivative of 35*t**4/24 + 11*t**3/6 + 9*t**2/2 + 17. Let k(j) be the second derivative of m(j). What is the tens digit of k(2)?
8
Suppose 12*q = -5*q - 95*q + 1857632. What is the hundreds digit of q?
5
Let i = -282 + 1151. Suppose -5*p - 4*a = -i, 2*a + 893 = 14*p - 9*p. What is the tens digit of p?
7
What is the units digit of (-3*9416/18)/((-42)/1197)?
6
Suppose 4*i - 2*o + 10 = 0, 38*i + o = 43*i + 5. Let r(w) = -7*w + 117. Let a(x) = -7*x + 118. Let t(z) = 5*a(z) - 4*r(z). What is the tens digit of t(i)?
2
Suppose 5*u - 34 = 3*u. Suppose 13*n = u*n. Suppose n = -3*a - 37 + 283. What is the tens digit of a?
8
Let c = -850 - -440. Let x = c + 633. What is the tens digit of x?
2
Let f = -13013 - -35816. What is the hundreds digit of f?
8
Suppose -13*w - 26*w = 84*w - 334929. What is the hundreds digit of w?
7
Let v = 18 + -16. Suppose -3*j + y = 30, 0 = -5*j - v*y - 45 + 6. Let w(p) = -28*p + 4. What is the tens digit of w(j)?
5
Suppose 4 = -2*n - 6. Let r be (n/2)/((14/(-4))/7). Suppose 0 = 6*z - r*z - 54. What is the units digit of z?
4
Let l = 23731 - -5569. What is the units digit of l?
0
Let w = -12 + 15. Suppose -3*k - w = -2*k. What is the units digit of -7 - 593/k - (-4)/(-6)?
0
Let j(b) = -45 - 6*b**2 + 69*b + 10*b**2 - 20*b**2 + 4*b**3 - 5*b**3. What is the hundreds digit of j(-22)?
3
Let j(d) = -d**2 - 33*d - 54. Suppose 0 = -4*p + 3*g - 113, -p - 17 - 24 = -5*g. What is the tens digit of j(p)?
2
Suppose -144*n - 213080 = -1670360. What is the tens digit of n?
2
Let c(f) = 2*f**3 + 9*f**2 + 3*f + 27. Let k(h) = -5*h**3 - 28*h**2 - 9*h - 81. Let m(g) = -7*c(g) - 2*k(g). What is the hundreds digit of m(-6)?
6
Let l = -704 - -9636. What is the units digit of l?
2
Suppose 741276 + 341740 = 120*i - 58*i. What is the units digit of i?
8
Let d be (-96)/120 + (-2 - 886/5). What is the units digit of (d/450)/(1/(-20))?
8
Let n = 848 + -201. Let g = n - 382. What is the hundreds digit of g?
2
Let z = -48705 + 109509. What is the hundreds digit of z?
8
Let k(p) = 61*p**3 - 5*p**2 - 14*p + 21. What is the ten thousands digit of k(6)?
1
What is the tens digit of ((32538/(-12))/11)/(15/(-390))?
0
Let b(j) = 35*j**2 + 30*j + 36. What is the hundreds digit of b(-19)?
1
Let v = -275 + 5225. What is the thousands digit of v?
4
Let z(k) = 456*k - 14947. What is the ten thousands digit of z(119)?
3
Let q = -18387 - -35604. What is the ten thousands digit of q?
1
Suppose 0 = 20*k - 1983371 + 388751. What is the units digit of k?
1
Suppose 100*g - 1226980 = 2159820. What is the tens digit of g?
6
Let m be 11385/63 + 4/14. Suppose -4*w - m = -1461. What is the tens digit of w?
2
Let s = 2011 + -1436. Let x = -276 + s. What is the units digit of x?
9
Let g = 758 - -1683. What is the tens digit of g?
4
Let k(y) = y**3 - 9*y**2 - 7. Suppose 5*z - 7*z = -18. Let p be k(z). What is the units digit of (2 - 3) + (p - -12)?
4
Let f(y) = 12*y**2 - y - 87. Let p(t) = 11*t**2 - t - 90. Let d(a) = 4*f(a) - 3*p(a). What is the hundreds digit of d(6)?
4
Suppose -4231 = -2*m - 5*x, 15*m = 10*m + x + 10591. Let q = m + -1081. What is the tens digit of q?
3
What is the units digit of 22*8/22 + (-4892)/(-1)?
0
Suppose 8*b = -22*b + 26046 + 32964. What is the thousands digit of b?
1
Let r(j) = -10*j + 4. Let z(k) = 9*k - 8. Let c(v) = -6*r(v) - 7*z(v). What is the tens digit of c(3)?
2
Let b(a) = -a**3 + 67*a**2 - 6*a + 272. What is the units digit of b(66)?
2
Suppose -14 + 4 = 2*b, 315 = 2*q + b. Suppose q + 1040 = 2*y. What is the units digit of y?
0
Let n(b) = -38*b**3 + 6*b**2 + 10*b + 2. Let c be n(-2). Suppose 433 = 3*q + l - c, -2*q - 3*l = -507. What is the units digit of q?
6
Let n = 28423 - -38076. What is the thousands digit of n?
6
Let x(i) = -i**2 - 17*i - 2. Let o(k) = -k**2 - 18*k - 1. Let a(p) = 5*o(p) - 6*x(p). Let f be a(-12). Suppose -6*y = -f*y + 85. What is the tens digit of y?
8
Let y(b) be the second derivative of b**5/20 - 13*b**4/12 + 4*b**2 - 10*b - 1. Let p be y(13). What is the tens digit of -2*(-4 + 2)/p*498?
4
Let c(w) = -81*w + 88*w - w**3 + 2*w**3 + 11 + 14*w**2. Let t(l) = -5*l**3 - 70*l**2 - 35*l - 55. Let i(u) = 11*c(u) + 2*t(u). What is the units digit of i(-4)?
3
Let s(h) = 2*h**2 - 2*h + 1. Let r(l) = -l**2 - l + 1. Let d(q) = -3*r(q) + s(q). Let y be d(-2). Suppose -4*g + y = -24. What is the units digit of g?
0
Let p(z) = z - 16. Let a be p(-14). Let h = a - -46. Suppose -4*x = h, 4*x - 275 = -5*b + 329. What is the tens digit of b?
2
Suppose z + 4*f = 3997, -4*z + 4*f = 8*f - 16036. What is the tens digit